. Let j be b/(-3)*(1 + (-2 - -4)). Suppose 5*p + 5*g - 141 = -6, -4*p = j*g - 104. What is the remainder when 86 is divided by p?
24
Suppose r = 3*m - 2735, -3*m - 31*r = -34*r - 2727. What is the remainder when m is divided by 259?
136
What is the remainder when 641 is divided by (7 - (-6185)/20) + -5 + (-95)/(-20)?
9
Let d be (35 - 15)/((-1)/(-2)). What is the remainder when (2/(8/(-2)))/(d/(-22640)) is divided by 48?
43
Let h = 38299 + -27993. Calculate the remainder when h is divided by 169.
166
Let j(k) = 15*k**2 - 3*k + 3. Let x be j(1). Suppose 9*r + 300 = x*r. Calculate the remainder when r is divided by 8.
2
Let h = 442 - 268. Suppose p = -5*p - h. Let b = 5 - p. Calculate the remainder when 134 is divided by b.
32
Suppose 273*o - 20212 = 8453. Calculate the remainder when o is divided by 14.
7
Suppose -48*v + 53*v + 2*b = 4512, -v + 904 = 2*b. Suppose 0 = -w + z + 180, -v = -6*w + w + 4*z. Calculate the remainder when w is divided by 49.
35
Let u = 10719 + -10413. What is the remainder when u is divided by 153?
0
Let g = 41 + -39. Suppose 4*k - 15 = f, g*k - 4*f = -2*k + 24. Calculate the remainder when k/(-2)*42/(-9) is divided by 5.
2
Let k(t) = -11481*t + 57428. Suppose 0*d = 3*f + 5*d - 126, 4*f - 3*d = 168. What is the remainder when f is divided by k(5)?
19
Suppose -9*u - 70 = -250. Let n(w) = -w. Let b(d) = 5*d**2 + 13*d - 5. Let q(z) = b(z) + 4*n(z). Calculate the remainder when q(-7) is divided by u.
17
Let s = -5229 + 5443. Calculate the remainder when 3421 is divided by s.
211
Let q be (5 - (3 + 0)) + 1. Let h be (-8)/20 - (-324)/10. Let w = h - q. What is the remainder when 85 is divided by w?
27
Let b be (-6 - 0)/((-60)/16 + 3). Let r = b - 10. Let f(t) = -9*t - 4. What is the remainder when 39 is divided by f(r)?
11
Suppose u = -2*p - 3*p + 19, -5*p + 15 = 0. Let g = -72 - -72. Suppose -u*o + 68 = -g*o. What is the remainder when 64 is divided by o?
13
Suppose -2*y - 5*o = -4*y + 3, 5*o = 3*y - 7. Suppose -y*i = -4*c, -c - 3*i = c + 10. Let f = 26 + c. Calculate the remainder when f is divided by 5.
4
Let u = -57 - -106. Calculate the remainder when 4 + 2010*(-3)/(-21) + 4/(-28) is divided by u.
46
Suppose 0 = -2100*a + 2085*a + 2010. Calculate the remainder when 646 is divided by a.
110
Suppose -7*m + 636 = 4*i, 63*i - 648 = 59*i - 4*m. What is the remainder when 15104 is divided by i?
164
Calculate the remainder when 333 is divided by (-5)/(135/(-4638)) + ((-256)/(-72))/16.
161
Let u = 248 - 378. Let v = 218 + u. Suppose 10*j - v = 2*j. What is the remainder when 21 is divided by j?
10
Suppose 2*l + 13 = 89. Let x = -240 - -391. Calculate the remainder when x is divided by l.
37
Let s = 10470 + -10392. What is the remainder when 568 is divided by s?
22
Let k = -32536 + 32585. What is the remainder when 2591 is divided by k?
43
Suppose 63 = 4*h - t, -5*h + t + 9 = -70. Let i = -393 - -686. Let z = 402 - i. What is the remainder when z is divided by h?
13
Suppose -910 + 158 = -94*b. Suppose 27 = 4*g - 61. Calculate the remainder when g is divided by b.
6
Suppose -50 = 5*p - 5*g + g, 0 = -5*p + 5*g - 45. Let u(l) = 2*l + 9 - 7*l + 25 + 6*l. What is the remainder when 76 is divided by u(p)?
16
Suppose -5 + 11 = -3*z, 3*t = 2*z + 1171. Let k = -214 + t. Calculate the remainder when k is divided by 30.
25
Let n(u) = -u**3 - 32*u**2 - 5*u - 153. Let w be n(-32). Suppose -w*c + 63 = 14*c. Suppose -s = s - 28. Calculate the remainder when s is divided by c.
2
Suppose 0 = 4*l - 64 - 352. Calculate the remainder when 395 is divided by l.
83
Let n(v) = -v**3 - 2*v**2 + 6*v + 7. Let j be n(-4). Suppose 17*x - j*x = 16. What is the remainder when ((-46)/x)/(4/(-48)) is divided by 6?
3
Suppose 52 = 4*r + 3*d - 77, -5*r + 144 = -2*d. Calculate the remainder when 239 is divided by r.
29
Let m(n) = -60*n - 38. Let b(z) = 177*z + 112. Let y(i) = -6*b(i) - 17*m(i). What is the remainder when (-2)/(-4) - (-174)/4 is divided by y(-1)?
12
What is the remainder when 2927 is divided by (-11970)/(-1235) - (-20)/65?
7
Let p(o) = o**3 - 14*o**2 - 2*o + 30. Let y(r) = -2*r. Let i be y(-7). Let l be p(i). Calculate the remainder when 149 is divided by -6*(-15)/l*3/9.
14
Let r be (-125)/50*16/(-10). Suppose 4*s = -f - 24 + 64, 84 = r*f - 3*s. What is the remainder when 165 is divided by f?
21
Suppose -155*c = -53*c - 5916. What is the remainder when 397 is divided by c?
49
Suppose 11*u - 4608 = -13*u. Suppose 3*x - 30 = -5*q, -x + 5*q + 12 = 6*q. Calculate the remainder when u is divided by x.
12
Let c = 151 + 24. Let x = c + -161. What is the remainder when (0 - 2*-2)*9 is divided by x?
8
Let c(o) = 38*o**2 - 978*o - 47. Let d(t) = t**3 - 7*t**2 + 4*t + 9. What is the remainder when c(26) is divided by d(7)?
28
Suppose -t = -4*s + 6*s - 117, 5*t - 597 = 2*s. Let h = 362 + -322. Calculate the remainder when t is divided by h.
39
Let b be (6195/10)/(21/(-28)). Let n = b - -863. What is the remainder when 258 is divided by n?
36
Suppose -29*m = -31*m + 6. Suppose 0 = -b + 2*h - 3, m*b + 2*h - 38 = -b. What is the remainder when 37 is divided by b?
2
Let f(w) = w + 5. Suppose 0 = -48*y + 46*y + 12. Suppose 30 = 4*o + 3*h - 6, 3*o = 3*h + y. Calculate the remainder when 30 is divided by f(o).
8
Let i = -719 + 705. Calculate the remainder when 314/(3*(-5)/105*i) is divided by 25.
7
Suppose -596*w - 6248 = -667*w. Calculate the remainder when 713 is divided by w.
9
Suppose 171*w + 10049 = 39119. Calculate the remainder when 199 is divided by w.
29
Suppose 3*q = -2*n + 42, -2*n + 2*q = 3*q - 34. Suppose 47*o = 48*o + 2, -5*t + 146 = 2*o. Let v(b) = 2*b - 34. What is the remainder when v(t) is divided by n?
11
Let w = -1372 + 1400. Calculate the remainder when 3386 is divided by w.
26
Let m be 79/(1 - 2) - -2. Let l = m + 95. What is the remainder when 70 is divided by l?
16
Let o(r) = -30*r + 86. What is the remainder when 255 is divided by o(0)?
83
Let b = 252 + -217. What is the remainder when 9/6 - (b/(-2) - -1) is divided by 10/1*(-1)/(-1)?
8
Let u be 11/((-55)/1160) - -6. Let j = -199 - u. What is the remainder when j is divided by 10?
7
Suppose 2*w - 1 = -z, -5*w - 13*z = -8*z. What is the remainder when 2 is divided by w?
0
Suppose -1047 = -80*r + 953. Suppose u = -4*z - 1 - 6, -4*u + 4*z - 68 = 0. Let v = u - -22. What is the remainder when r is divided by v?
4
Let n(u) = -15*u + 17*u + 87*u - 4 - 29*u. Let v be n(-1). Let x = -45 - v. Calculate the remainder when 72 is divided by x.
15
Let m = 10610 + -10597. Calculate the remainder when 509 is divided by m.
2
Let c(y) = 3*y**3 + 35*y**2 - 11*y + 5. Suppose -4*r = -3*a + 80 - 222, 2*r - 3*a = 68. Calculate the remainder when c(-11) is divided by r.
35
Suppose a + 20980 = -39*a + 61980. What is the remainder when a is divided by 170?
5
Suppose 6*i = 2*y + 3*i - 43, 4*i + 12 = 0. Suppose 2*l + 6 = 0, -5*a + 162 = -5*l + y. What is the remainder when a is divided by 21?
5
Suppose -2*q = 0, -13*b - 4*q = -14*b + 9. Suppose -13*g = -b*g - 136. What is the remainder when 99 is divided by g?
31
Suppose 0*l = -y + 5*l + 26, -3*y + 78 = -l. What is the remainder when (14/2 + (-4452)/140)/(-2)*10 is divided by y?
20
Suppose 338 - 2602 = -4*i + 900. Calculate the remainder when i is divided by 44.
43
Suppose -5*b + 2*b + 48 = 0. Let u = 3105 - 3049. Calculate the remainder when u is divided by b.
8
What is the remainder when -2*((-8)/(-44) + 36/176*-1338) is divided by 156?
79
Suppose 0*g + 26 = g. Suppose 4*u = -d + 3, -2*u + 2*d = -7*u. Let j(y) = 61*y + 5. Calculate the remainder when j(u) is divided by g.
23
Let k = -125 + 127. Suppose 5*x + 164 = 4*v - v, 3*v + k*x = 178. What is the remainder when 344 is divided by v?
54
Let v = 97 - 106. Let n = -3 + v. What is the remainder when 27*(-32)/n + 1 is divided by 15?
13
Let r be ((-20)/(-30))/((-4)/(-84)). Let q = r + -3. What is the remainder when 28 is divided by q?
6
Suppose -1277 = -27*h + 3961. What is the remainder when 709 is divided by h?
127
Suppose 0 = -35*q + 37*q + 4*x - 4092, -5*q + 3*x = -10178. What is the remainder when q is divided by 51?
49
Suppose -17*a + 22*a - 385 = x, 0 = 3*x. What is the remainder when 439 is divided by a?
54
Calculate the remainder when 4532 is divided by -28*1/6*(-180)/40.
17
Suppose q + 2*q - 6 = 0. Suppose 